5)/(-2) + -4. What is the greatest common divisor of i and 44?
22
Suppose 5*q = f - 99, f - 107 = 3*q - 0*q. What is the greatest common divisor of f and 34?
17
Let l be 302*(36/8)/9. Let i = 29 + l. Calculate the greatest common divisor of 20 and i.
20
Suppose -o = -6 - 3. Let d(h) = -2 + 2 - 15*h + 4*h**2 + o*h. Let j be d(4). What is the highest common divisor of 4 and j?
4
Suppose 0*k - k + 2*c = -11, k + 14 = -3*c. Suppose -2*x - 2*p = -14, -4*p = -9*p + 25. What is the greatest common factor of k and x?
1
Suppose 2384 = 4*g - 2*q + 6*q, -2*q + 2992 = 5*g. Calculate the highest common divisor of 96 and g.
24
Let g be (-10 - -13)/(1/13). What is the highest common divisor of g and 156?
39
Let a = -37 - -87. Let u = 56 - a. What is the greatest common factor of u and 48?
6
Let n = -115 - -147. What is the greatest common factor of 352 and n?
32
Suppose -4*q + 3*f + 15 = 0, 0*q + 2*q + 4*f = -20. Let p be (-3 - q) + 77 + (-6)/(-2). What is the greatest common factor of 7 and p?
7
Let u be -1*(2 - 42/9)*3. What is the highest common factor of u and 88?
8
Let i be 282*4/(-8)*1. Let f = 806 - 393. Let m = f + i. Calculate the highest common factor of 34 and m.
34
Let d(n) = -n**3 - 23*n**2 + 79*n + 58. Let i be d(-26). Calculate the greatest common factor of i and 96.
32
Let m(y) = 3*y + 12. Let n be m(-5). Let l be (-5)/2*1092/45*n. What is the highest common factor of 26 and l?
26
Let c(h) = 3*h**2 + 2*h + 9. Let t be c(-6). Let r(m) = 3*m**2 + 47*m - 166. Let l be r(4). What is the greatest common divisor of l and t?
35
Suppose 2*t = 3*t - 4. Let w = 137 - 105. What is the highest common divisor of t and w?
4
Suppose -3*t - 5*g + 149 = 0, -5*g = -2*t + t + 23. Let p = t - 20. Let u = -16 + p. Calculate the greatest common divisor of 70 and u.
7
Let g be 7/14*(346 + (-4 - 2)). Let t(p) = p**3 + p**2 - 2. Let x be t(3). Calculate the highest common divisor of x and g.
34
Let n = 19 + -15. Suppose -3*g + 4*c + 21 = -2*g, 3*c + 32 = n*g. What is the greatest common divisor of 35 and g?
5
Suppose g - 44 = -12. Calculate the greatest common divisor of 48 and g.
16
Let f(m) = -3*m + 5. Let c be f(-5). Suppose 0*j + r = j - c, 2 = -r. Calculate the highest common divisor of j and 27.
9
Suppose -3*b + 2*m + 36 - 8 = 0, -5*b = -2*m - 52. Calculate the greatest common divisor of 12 and b.
12
Let j be 1*(-52)/8*-4. Let c be 8 - (-30 - 0) - -1. Calculate the greatest common factor of j and c.
13
Let s(i) = -4*i**3 - 11*i**2 - 2*i + 30. Let r be s(-5). What is the highest common factor of r and 106?
53
Let c(q) = 2*q**3 - q**2 - 1. Let v = -32 - -34. Let k be c(v). Let d = k - -2. Calculate the greatest common factor of 130 and d.
13
Let t be 25 + ((-9)/(-3) - 3). Suppose 5*f + a - 70 = 6*a, 0 = 5*a + t. Let o = f + 2. Calculate the highest common divisor of 11 and o.
11
Let p be 2 + (2 + -1)*7. Let c = 25 - -66. Let r = c - -8. Calculate the greatest common factor of r and p.
9
Let n = 54 - 32. Suppose 0 = -3*k - 58*u + 61*u + 180, -3*u = -4*k + 235. Calculate the greatest common factor of n and k.
11
Let t be (5/3 - -1)*-3. Let f be (-4)/t - (-150)/4. Calculate the greatest common factor of 95 and f.
19
Let f(m) = -7*m - 10. Let n be f(-8). Let o be n/(-8)*-2*2. Suppose 64 = -z + 271. Calculate the greatest common factor of z and o.
23
Let j(u) = -31*u - 33. Let d be j(-6). What is the greatest common factor of d and 17?
17
Suppose 0 = -5*z + 195 + 20. Calculate the highest common factor of 258 and z.
43
Let n = -2 - -20. Let k = -19 + 21. What is the greatest common factor of k and n?
2
Suppose 480 = u + 5*z, 13*z = -2*u + 15*z + 912. Calculate the greatest common divisor of u and 20.
20
Let n(c) = c**3 + 6*c**2 - 13*c - 2. Let y be n(-7). Suppose -3*r = 3*o - 285, -r = 4*o + 197 - 592. Calculate the greatest common factor of o and y.
20
Let g(o) = o**2 + 2*o - 43. Let c be g(0). Let m be (2 - c) + -6 + 5. Suppose -44 = -108*j + 104*j. What is the highest common factor of j and m?
11
Let a be (15 + -9)/(-2 + 1). Let u be (-9)/a - 203/(-14). Calculate the highest common divisor of u and 112.
16
Let g(p) be the second derivative of -p**5/20 + p**4/6 - p**3/2 + p**2/2 - 3*p. Let d be g(-3). Calculate the greatest common divisor of 22 and d.
11
Let y(x) = -3 + x**2 + 5 + 2 + 5 + 4*x. Let j be y(13). Calculate the highest common divisor of 23 and j.
23
Let c(y) = 7*y - 30. Let x be c(12). Calculate the greatest common factor of x and 12.
6
Suppose 0 = 6*j + 49 - 97. Calculate the greatest common divisor of 520 and j.
8
Let h = 33 + -23. Suppose 4*t = -0 + 12. Suppose -t*z + 53 = 8. What is the greatest common divisor of z and h?
5
Let l = -130 - -416. Suppose 4*c + 2*x + 0*x - l = 0, 0 = -3*x - 3. What is the greatest common divisor of c and 36?
36
Suppose -11930 - 20614 = -24*h. Calculate the highest common divisor of 24 and h.
12
Let d = -1051 - -1609. Calculate the greatest common factor of d and 62.
62
Suppose 7*z - 102 = z. Suppose -z*i = -12*i - 15. Suppose -5*x - 1 = b, 2*b - i*b = -5*x - 9. What is the greatest common divisor of 2 and b?
2
Suppose 2*t - 615 = -5*v, -3*v - 2*v = -3*t + 985. Let y(u) = 3*u**2 + 4*u - 15. Let d be y(-5). Calculate the greatest common factor of t and d.
40
Let b be -4 + (-1 - -4) + 7. Let m be 156/15*15/b. Suppose -1134 = 10*j - 3474. What is the highest common divisor of j and m?
26
Let h(g) = -2*g + 10. Let w(d) = d**3 + 1 + 3*d**2 - 5*d**2 - d - 6*d**2. Let r be w(8). Let s be h(r). What is the greatest common factor of s and 12?
12
Suppose -4*k - 4 = 0, -2*j + 6*j + 3*k - 2105 = 0. Calculate the highest common divisor of j and 17.
17
Let z = -6 + 33. Suppose 0 = 28*r - z*r - 3. Calculate the greatest common factor of 15 and r.
3
Suppose -4*m = m + 95. Let o = 38 + m. Let w = 30 - o. What is the greatest common divisor of 44 and w?
11
Let z(c) = 8 - c**2 + 99 - 8. Let v be z(0). Calculate the greatest common divisor of 9 and v.
9
Suppose 89*a - 91*a = -1086. Let t = -356 + a. What is the greatest common factor of t and 11?
11
Suppose 5*a + 4*b = 452, -2*a - 2*b = -7*b - 161. Suppose 0 = -0*j - 4*j - 5*f + 518, 4*j - 526 = -f. Calculate the greatest common divisor of j and a.
44
Suppose -c + 11*c - 4680 = 0. Calculate the greatest common factor of c and 52.
52
Suppose -2*l - 104 = -5*u - 6*l, 56 = 3*u + 4*l. What is the highest common divisor of u and 20?
4
Let t = -8 + 23. What is the greatest common factor of t and 240?
15
Let o = -2205 - -2394. Calculate the highest common factor of o and 84.
21
Let b = -106 - -106. Let v be (-14 + 37)/(1 + b) + -3. Let f be (110*4)/2 - 0. Calculate the highest common factor of v and f.
20
Let a = 48 + -44. What is the highest common factor of 112 and a?
4
Let z be 270/12*(-198)/(-55). What is the highest common divisor of 63 and z?
9
Let a(j) = -4*j**2 - 39*j - 10. Suppose 0 = -k - 17 + 8. Let p be a(k). Calculate the highest common divisor of 136 and p.
17
Let x = 482 + -338. Let i be (0 - 120)/(6/4). Let r = x + i. What is the highest common divisor of 16 and r?
16
Let s(g) = g**2 - g + 1. Let l be s(2). Let q = 4 - l. Let t(o) = o**3 - 2*o**2 - 5*o + 7. Let w be t(3). What is the greatest common divisor of q and w?
1
Suppose -4*u - 5*v = -32, -4*u - 3*v = -2*u - 18. Let f = u + 0. Suppose 25*c = 21*c + 132. What is the greatest common factor of f and c?
3
Suppose 2*l + l + y - 3630 = 0, 2*l + 4*y = 2420. Suppose 8*n + 2*n = l. Let j be 22/4*(-4)/(-2). Calculate the highest common divisor of n and j.
11
Let d = 2015 - 1337. What is the highest common divisor of d and 6?
6
Suppose -8*a = -629 - 19. Suppose -1 - 39 = -2*k. Suppose -4*y - k = y, j = 3*y + 21. Calculate the highest common divisor of a and j.
9
Let l(b) = 56*b**2 + 7*b - 6. Let f be l(5). Let y be f/3 + (-8)/(-12). Let q be 1/8 + y/24. What is the highest common factor of q and 220?
20
Let d = -16 - -18. Suppose -4*x - 3*y = -28, -d*y - 10 = -5*x + 2. Let q(j) = -9*j. Let c be q(-4). Calculate the highest common divisor of x and c.
4
Suppose 0 = 4*z + 4*m - 12, -6*m - 1 = z - 7*m. Suppose 3*a - 8*a = -5. What is the greatest common factor of a and z?
1
Let i be 3*-1*(4 + (-136)/24). Suppose 3*u - 20 = -u, i*q + u = 305. Calculate the highest common divisor of q and 15.
15
Let d = 46 + -44. Suppose 4*f = 4*u + 11